 when g/6 - 6/9 is divided by 15?
14
Suppose 5*d - 4*h + 6*h = 139, -4*h - 70 = -2*d. Let q = 7 - -2. Let j = 24 - q. What is the remainder when d is divided by j?
14
Suppose 295 = 4*p - 145. Suppose 4*d + d = p. What is the remainder when 42 is divided by d?
20
Suppose d - 6*o + o + 10 = 0, -5*d - o + 28 = 0. Suppose -3*u - 22 = -2*j - 2*u, 4*u = -3*j + 11. Calculate the remainder when j is divided by d.
4
Suppose -6*k + 32 = -622. What is the remainder when k is divided by 22?
21
Let r(x) = -7*x + 7. What is the remainder when r(-6) is divided by 2/6 + 592/24?
24
Suppose 0*d + 4*d - 20 = 0. What is the remainder when 82 is divided by d?
2
Let g(k) = -k**3 + 5*k**2 + 5*k - 6. Let b be g(4). What is the remainder when b + 0 - 4/2 is divided by 10?
8
Suppose -5*z + 21 = -2*z + 5*c, 4*z + 2*c - 14 = 0. Let r(m) = -5*m + 3. Let j be r(z). Let p = -2 - j. What is the remainder when p is divided by 3?
2
Let z(d) = -d**3 - 4*d**2 - d + 2. What is the remainder when 10 is divided by z(-4)?
4
Suppose 0 = 2*k - 29 - 7. Let n(c) = 3*c - 3. Let w be n(2). Suppose -d + 10 = -w*g, 3*g + 2 = -1. Calculate the remainder when k is divided by d.
4
Suppose -1 = q, -5*l + 3*q = -0*l - 68. Calculate the remainder when l is divided by 4.
1
Suppose 46 + 26 = 4*q. Let v be 1/(-2) + 1/2. Suppose -n = -3*n - 3*m + 119, v = -3*n + m + 151. Calculate the remainder when n is divided by q.
16
Suppose -5*a + 1 = -64. Let x be (-3)/(-1)*40/12. Suppose x = -t + 5*h, 5 + 9 = t + 3*h. What is the remainder when a is divided by t?
3
Suppose -5*f + 6*f - 11 = 0. Calculate the remainder when 22 is divided by f.
0
Suppose b + 54 = -2*b. Let r = 29 + b. Calculate the remainder when r is divided by 3.
2
Let c(f) = f**3 - 9*f**2 + 3*f - 5. Suppose -3*p + 5*w = -12, 0 = 5*p + 8*w - 4*w - 57. What is the remainder when c(p) is divided by 8?
6
Suppose -l + 4 = 2*g - 12, 2*g + 3*l - 20 = 0. Suppose -g - 3 = -5*c + 2*r, -2*r - 6 = -4*c. Calculate the remainder when ((-42)/c - 1)*-2 is divided by 8.
7
Let a(k) = -3*k**2 - 16*k - 3. Let j(y) = -23*y**3 + 2*y**2 + y. What is the remainder when j(-1) is divided by a(-4)?
11
Let g be (-2 + 3)*(-2)/(-2). Let z(q) = 40*q**3 + 2*q**2 - 1. Calculate the remainder when z(g) is divided by 21.
20
Suppose 0 = -4*x - y + 232, y + 27 = x - 36. What is the remainder when 116 is divided by x?
57
Suppose 4*m - 134 = w + 2*w, 106 = 3*m - 5*w. Let a = 10 - m. Let v = a + 46. Calculate the remainder when v is divided by 13.
11
Let w(v) = -v**2 - 15*v - 2. Let a be w(-6). Suppose p - a = -p. What is the remainder when p is divided by 9?
8
Calculate the remainder when -1 + (-493)/(-7) - (-220)/385 is divided by 18.
16
Let k(f) = f**3 + 6*f**2 + 4*f + 2. What is the remainder when -38*(-1 - (-2)/4) is divided by k(-5)?
5
Suppose 23 = 2*u + 5. Calculate the remainder when 13 is divided by u.
4
Let n be (-1)/(-4) + (-119)/(-68). Suppose -31 = -4*h - 3*x, 3*h - 25 = -n*x - 2. Calculate the remainder when 18 is divided by h.
4
Let a = 26 + -23. What is the remainder when a is divided by 1?
0
Suppose 0*j + 5*d + 6 = j, 78 = 5*j - d. Let s = 16 - 7. Calculate the remainder when j is divided by s.
7
Let x(h) = h**2 + 10*h + 7. Let v be x(-7). Let d = v - -27. Calculate the remainder when 49 is divided by d.
10
Let l = 19 - 17. What is the remainder when 2 is divided by l?
0
Let q(b) = -4*b + 4. Let j(k) = -8*k + 1 + k**2 + 3 + 0*k**2. Let h be j(7). Calculate the remainder when q(h) is divided by 9.
7
Suppose 5*z + 3 = 8*z. Calculate the remainder when 3 is divided by z.
0
Suppose -65 = -6*n + n. Suppose -o = -5*y - 12, 0*y - 2*y + 2 = 0. Let l = -10 + o. What is the remainder when n is divided by l?
6
Suppose 7*x - 4*x + 3*i = 30, -3*x + 4*i + 37 = 0. Let l = -3 + x. What is the remainder when l is divided by 3?
2
What is the remainder when (-4)/10 + (-1704)/(-60) is divided by 6?
4
Let s = 14 - 8. Calculate the remainder when (-110)/(-5) + (1 - 0) is divided by s.
5
Let w = 108 - 70. What is the remainder when w is divided by 13?
12
Let o be (-56)/(-12)*(-18)/(-2). Let t = o + -21. Let f = -14 + t. Calculate the remainder when 12 is divided by f.
5
Let h(t) = 3*t - 12. Suppose 2*z + 0*z + q = 224, 566 = 5*z + q. Calculate the remainder when (z/(-8))/((-5)/20) is divided by h(9).
12
Let a(v) = 10*v + 2. Calculate the remainder when 42 is divided by a(2).
20
Suppose -4*u + 112 = -4. Calculate the remainder when 1 - -85 - (1 - -1) is divided by u.
26
Suppose 2*t + 6 = 0, 0 = -3*n - 4*t + 22 + 32. What is the remainder when n is divided by 8?
6
Calculate the remainder when (1 - 0) + 12/1 is divided by 5.
3
Let f = 30 + -13. Let d = -55 - -104. Calculate the remainder when d is divided by f.
15
What is the remainder when (-5)/2*1302/(-155) is divided by 3?
0
Let y = -5 + 1. Calculate the remainder when 57 is divided by (y/(-12))/(1/87).
28
Calculate the remainder when 77 is divided by (-300)/(-18) + 4/(-6).
13
Suppose -16 = -2*y + 3*t, -2*t = -y - 3*y + 16. Suppose -y*k - 3 = 7. What is the remainder when 11 is divided by (12/k)/(12/(-30))?
5
Let a(i) = -i**3 + 3*i**2 + 2*i - 4. Let x be a(3). Let b(f) = -9*f + 0 + 0*f - f**x - 10. Calculate the remainder when 11 is divided by b(-7).
3
Let g = 4 + -7. What is the remainder when 62 is divided by 29 + 1*(g - -6)?
30
Suppose -10*j + 59 + 491 = 0. What is the remainder when j is divided by 28?
27
Let h(b) = b**2 + 4*b - 21. What is the remainder when h(9) is divided by 11?
8
Let l(x) = -1 - 14*x - 6*x - 11*x. Calculate the remainder when l(-1) is divided by 11.
8
Let h = -87 + 134. Suppose -3*m - 2*y + h = -0*m, y + 2 = 0. What is the remainder when 33 is divided by m?
16
Let q(m) = m**2 - 13*m + 7. Let u be q(11). Let w = -11 - u. What is the remainder when 15 is divided by w?
3
Let p(x) = -6*x. Let t(q) = q**2 + 16 - 23 - 3*q**2 + 16*q. What is the remainder when t(6) is divided by p(-1)?
5
Let s(b) = 2*b**3 - 17*b**2 - 3*b - 13. What is the remainder when 121 is divided by s(9)?
39
Suppose -3*g - 2 = -2*u - 0, g = -5*u + 22. What is the remainder when 44 is divided by -3 + 28 + (0 - g)?
21
Suppose -2*f = 5*p - 48, 2*f + 5*p = p + 44. What is the remainder when 24 is divided by f?
10
Let s(o) = -60*o**3 - 2*o**2 - 3*o - 2. Let p(d) = d**2 + 3*d + 5. Calculate the remainder when s(-1) is divided by p(-5).
14
Let w(c) be the third derivative of -c**4/12 + c**3/6 + c**2. What is the remainder when 68 is divided by w(-11)?
22
Let h = 2 + 0. Suppose -h*b = -3*b + 14. Let j = 182 + -174. Calculate the remainder when b is divided by j.
6
Suppose -4*u = -111 - 73. Suppose -16 = -5*p + 4*p. What is the remainder when u is divided by p?
14
Suppose -488 = 29*t - 33*t. Calculate the remainder when t is divided by 25.
22
Suppose -4*c + 2*n = -74, 0 = 4*c - n + 5*n - 92. Calculate the remainder when c is divided by 8.
4
Suppose 119 = 5*r - 2*h - 2*h, 2*h = -4*r + 90. Let k(s) = 9*s**2 - s. What is the remainder when r is divided by k(1)?
7
Suppose 0 = -2*b - 2*d + 16, -6*d = -3*b - 3*d + 54. Let j = 15 - b. Calculate the remainder when 4 is divided by j.
0
Let c be (-3 + 3 + -1)*-4. Suppose -4*l - c*i = -68, 4*l - 3 = 3*i + 30. Suppose x - 18 = 5. Calculate the remainder when x is divided by l.
11
Let q be 9/(-12) + 26/(-8). Let r(z) = -7*z**3 - 1 - 2*z**2 + 0 + 2*z**3 + 4*z**3 + 4*z. What is the remainder when r(q) is divided by 4?
3
Let s = -4 - -11. Calculate the remainder when 47 is divided by s.
5
Suppose 0 = -y + 2 + 8. Let n(x) = 2*x. Let o be n(1). Suppose -2*j - y = -o*k, j + 4*j + 11 = -2*k. Calculate the remainder when 2 is divided by k.
0
Suppose 2*w - 5*w + 307 = 5*l, -l - 5*w + 57 = 0. Suppose 0 = -2*p + 3*p + l. Calculate the remainder when (p - 4)*3/(-6) is divided by 18.
15
Suppose -c = -2*c - 4. What is the remainder when 83 is divided by (2/1)/(c/(-42))?
20
Suppose m + 4*m = 25. Let o(d) = d**3 - 5*d**2 + 4*d + 7. What is the remainder when o(m) is divided by 10?
7
Let s = -51 + 74. Suppose -5*u + m - 2*m = -s, -m + 7 = u. Calculate the remainder when 14 is divided by u.
2
Suppose 0*p - 10 = -2*p. Let c(v) = 7*v - 3*v - 2 - 3*v. Calculate the remainder when 5 is divided by c(p).
2
Let k = 58 - 47. What is the remainder when 42 is divided by k?
9
Suppose 5*i - 33 = i + 3*l, 5*l + 13 = 2*i. Calculate the remainder w